{"id":94,"date":"2009-06-03T17:34:30","date_gmt":"2009-06-03T15:34:30","guid":{"rendered":"http:\/\/www.frank-gerber.com\/homepage\/?page_id=94"},"modified":"2022-04-25T17:50:25","modified_gmt":"2022-04-25T15:50:25","slug":"selfie-mit-jesus","status":"publish","type":"page","link":"https:\/\/www.frank-gerber.com\/homepage\/songtexte\/selfie-mit-jesus\/","title":{"rendered":"Selfie mit Jesus"},"content":{"rendered":"<p>Neulich an der Bar:<br \/>\n&#8220; Hey, bist du sowas wie \u00b4n Star? &#8220;<br \/>\nSchon wird das Smartphone gez\u00fcckt &#8211;<br \/>\nund eiskalt abgedr\u00fcckt<br \/>\nSmartphone-Paparazzi &#8211; sie lauern \u00fcberall<br \/>\n&#8220; Handy hoch, das ist ein Selfie-\u00dcberfall! &#8220;<br \/>\nIch seh ihr cooles L\u00e4cheln<br \/>\nals ich in ihr sch\u00f6nes Face guck<br \/>\nSchon ist ihr Selfie mit mir auf Instagram und Facebook<br \/>\n&#8220; Schon 1000 Likes &#8220; , jubelt sie<br \/>\nIch bin nur Mittel zum Zweck<br \/>\nGern h\u00e4tt ich noch mit ihr gequatscht<br \/>\nDoch ganz pl\u00f6tzlich isse weg<\/p>\n<p>Das Girlie kriegt immer, worauf sie steht:<br \/>\nSogar \u00b4n Selfie mit der Ex-Kanzlerin<br \/>\nAutogramme sind jetzt out &#8211; Selfies sind total in<br \/>\nSie will nur Follower und Likes<br \/>\nSchnell wird \u00b4n Foto gemacht<br \/>\n&#8220; Du bist auch auf Facebook?<br \/>\nVoll geil, dann adde ich dich heut Nacht! &#8220;<\/p>\n<p>Ein Selfie mit Jesus<br \/>\nEin Selfie mit Gott &#8211;<br \/>\nSie ist die Selfie-Queen<br \/>\nund das w\u00e4r&#8216; echt der Jackpot!<br \/>\nSie ist ein Likejunkie<br \/>\ndoch nur f\u00fcr kurze Zeit high<br \/>\nDie 15 Minuten Ruhm<br \/>\nsind schon wieder seit Stunden vorbei &#8230;<\/p>\n<p>Ein Selfie mit Sarah Connor oder Madonna<br \/>\nund dann f\u00fchlt sie sich selbst wie \u00b4n Star<br \/>\nEin Selfie mit Bono oder mit Yoko Ono<br \/>\nund wieder z\u00fcckt sie die Handykamera<br \/>\nEin Selfie mit Nicole Richie &#8211; da guckt sie echt bitchy &#8230;<br \/>\nSie hat 1000 Facebook Freunde &#8211; is&#8216; ja klar<br \/>\nDoch im Real Life is&#8216; leider keiner da &#8230;<\/p>\n<p>Mit einem sexy Selfie in sch\u00f6nen Dessous &#8211;<br \/>\nWenn&#8217;s keiner liked, ist sie depri und hat den Blues<br \/>\nDas wird nur getoppt, wenn sie dabei poppt<br \/>\nund dann hat sie sich selbst gephotoshopt<br \/>\nAuf Instagram postet sie ein Belfie<br \/>\nund so&#8217;n Hater kommentiert: Go Fuck Yourselfie!<\/p>\n<p>Ein Selfie mit Jesus<br \/>\nEin Selfie mit Gott &#8211;<br \/>\nSie ist die Selfie-Queen<br \/>\nund das w\u00e4r&#8216; echt der Jackpot!<br \/>\nSie ist ein Likejunkie<br \/>\ndoch nur f\u00fcr kurze Zeit high<br \/>\nDie 15 Minuten Ruhm<br \/>\nsind schon wieder seit Stunden vorbei &#8230;<\/p>\n<p>Das s\u00fc\u00dfe Girlie macht ein Duckface &#8211; na logo &#8230;<br \/>\nEin Tag ohne Facebook, ist f\u00fcr sie ein No go!<\/p>\n<p>Ein Selfie mit Jesus &#8230;<\/p>\n","protected":false},"excerpt":{"rendered":"<p>Neulich an der Bar: &#8220; Hey, bist du sowas wie \u00b4n Star? &#8220; Schon wird das Smartphone gez\u00fcckt &#8211; und eiskalt abgedr\u00fcckt Smartphone-Paparazzi &#8211; sie lauern \u00fcberall &#8220; Handy hoch, das ist ein Selfie-\u00dcberfall! &#8220; Ich seh ihr cooles L\u00e4cheln als ich in ihr sch\u00f6nes Face guck Schon ist ihr Selfie mit mir auf Instagram [&hellip;]<\/p>\n","protected":false},"author":1,"featured_media":0,"parent":29,"menu_order":5,"comment_status":"open","ping_status":"open","template":"tmpl_songtexte.php","meta":{"footnotes":""},"class_list":["post-94","page","type-page","status-publish","hentry"],"_links":{"self":[{"href":"https:\/\/www.frank-gerber.com\/homepage\/wp-json\/wp\/v2\/pages\/94","targetHints":{"allow":["GET"]}}],"collection":[{"href":"https:\/\/www.frank-gerber.com\/homepage\/wp-json\/wp\/v2\/pages"}],"about":[{"href":"https:\/\/www.frank-gerber.com\/homepage\/wp-json\/wp\/v2\/types\/page"}],"author":[{"embeddable":true,"href":"https:\/\/www.frank-gerber.com\/homepage\/wp-json\/wp\/v2\/users\/1"}],"replies":[{"embeddable":true,"href":"https:\/\/www.frank-gerber.com\/homepage\/wp-json\/wp\/v2\/comments?post=94"}],"version-history":[{"count":14,"href":"https:\/\/www.frank-gerber.com\/homepage\/wp-json\/wp\/v2\/pages\/94\/revisions"}],"predecessor-version":[{"id":3554,"href":"https:\/\/www.frank-gerber.com\/homepage\/wp-json\/wp\/v2\/pages\/94\/revisions\/3554"}],"up":[{"embeddable":true,"href":"https:\/\/www.frank-gerber.com\/homepage\/wp-json\/wp\/v2\/pages\/29"}],"wp:attachment":[{"href":"https:\/\/www.frank-gerber.com\/homepage\/wp-json\/wp\/v2\/media?parent=94"}],"curies":[{"name":"wp","href":"https:\/\/api.w.org\/{rel}","templated":true}]}}