{"id":415,"date":"2009-11-07T22:02:42","date_gmt":"2009-11-07T20:02:42","guid":{"rendered":"http:\/\/www.frank-gerber.com\/homepage\/?page_id=415"},"modified":"2024-11-19T11:00:41","modified_gmt":"2024-11-19T09:00:41","slug":"lucky-punch","status":"publish","type":"page","link":"https:\/\/www.frank-gerber.com\/homepage\/songtexte\/lucky-punch\/","title":{"rendered":"Lucky Punch"},"content":{"rendered":"<p>Irgendwo im Leben bist du mal falsch abgebogen &#8211;<br \/>\nBist jetzt auf der Verliererstra\u00dfe<br \/>\nund hast die Arschkarte gezogen<br \/>\nManche Leute sind am abl\u00e4stern:<br \/>\nDer Typ s\u00e4uft sich noch ins Grab!<br \/>\nDer hat die besten Tage hinter sich,<br \/>\nfalls es die jemals gab!<br \/>\nDu lebst in \u00b4nem Drecksloch in der N\u00e4he von Hamburg<br \/>\nschl\u00e4gst dich f\u00fcr wenig Kohle mit miesen Jobs so durch<br \/>\nHast mal \u00b4n Job als Dachdecker angenommen &#8211;<br \/>\ndoch jetzt bist du ziemlich runtergekommen<br \/>\nH\u00e4ngst da in deiner Bude in M\u00fcll und Dreck &#8211;<br \/>\nsogar die Ratten ziehen schon weg<\/p>\n<p>Viele Leute hatten dich schon abgeschrieben<br \/>\nDoch du bist immer cool geblieben<br \/>\nBist \u00b4n Underdog, der jetzt mal jede Uhr vergisst &#8211;<br \/>\nund der nun selbst entscheidet, dass seine Zeit gekommen ist<br \/>\nWie so&#8217;n Boxer, der mal zu Boden geht<br \/>\ndoch du musst wieder aufsteh&#8217;n<br \/>\nDenn mit einem Schlag kann sich alles dreh&#8217;n &#8230;<\/p>\n<p>Lucky Punch &#8211; wir haben&#8217;s doch drauf<br \/>\nLucky Punch &#8211; wir geben niemals auf<br \/>\nRunde 12 &#8211; man liegt nach Punkten zur\u00fcck<br \/>\nDoch wir suchen die Chance nach dem gro\u00dfen Gl\u00fcck<br \/>\nLucky Punch &#8211; Lucky Punch<\/p>\n<p>Doch, hey, jetzt startest du durch und bist wieder voll da<br \/>\nDu wirst das Ding schon rocken und machst alles klar<br \/>\nDas Leben ist manchmal h\u00e4rter als \u00b4n Punch von Mike Tyson<br \/>\nDoch wir sind doch die Typen, die immer was rei\u00dfen<br \/>\nWir ziehen&#8217;s durch im ganz gro\u00dfen Stil<br \/>\nwir machen nur den Mega-Deal<br \/>\nNichts haut uns um und kommt uns irgendjemand krumm<br \/>\ndann holen wir uns vom Doc \u00b4ne Dosis Schei\u00dfegalium<\/p>\n<p>Viele Leute hatten dich schon abgeschrieben<br \/>\nDoch du bist immer cool geblieben<br \/>\nBist \u00b4n Underdog, der jetzt mal jede Uhr vergisst &#8211;<br \/>\nund der nun selbst entscheidet, dass seine Zeit gekommen ist<br \/>\nWie so&#8217;n Boxer, der mal zu Boden geht<br \/>\ndoch du musst wieder aufsteh&#8217;n<br \/>\nDenn mit einem Schlag kann sich alles dreh&#8217;n &#8230;<\/p>\n<p>Lucky Punch &#8211; wir haben&#8217;s doch voll drauf<br \/>\nLucky Punch &#8211; wir geben niemals auf<br \/>\nRunde 12 &#8211; man liegt nach Punkten zur\u00fcck<br \/>\nDoch wir suchen die Chance nach dem gro\u00dfen Gl\u00fcck<br \/>\nLucky Punch &#8211; Lucky Punch!<\/p>\n<p>Ey, wir machen&#8217;s wie Muhammad Ali<br \/>\nden ich hier locker mal zitier&#8216;:<br \/>\n&#8220; Falls du davon tr\u00e4umst, mich zu schlagen,<br \/>\ndann wachst du besser sofort auf<br \/>\nund entschuldigst Dich bei mir! &#8220;<\/p>\n<p>Lucky Punch &#8230;<\/p>\n","protected":false},"excerpt":{"rendered":"<p>Irgendwo im Leben bist du mal falsch abgebogen &#8211; Bist jetzt auf der Verliererstra\u00dfe und hast die Arschkarte gezogen Manche Leute sind am abl\u00e4stern: Der Typ s\u00e4uft sich noch ins Grab! Der hat die besten Tage hinter sich, falls es die jemals gab! Du lebst in \u00b4nem Drecksloch in der N\u00e4he von Hamburg schl\u00e4gst dich [&hellip;]<\/p>\n","protected":false},"author":1,"featured_media":0,"parent":29,"menu_order":0,"comment_status":"open","ping_status":"open","template":"tmpl_songtexte.php","meta":{"footnotes":""},"class_list":["post-415","page","type-page","status-publish","hentry"],"_links":{"self":[{"href":"https:\/\/www.frank-gerber.com\/homepage\/wp-json\/wp\/v2\/pages\/415","targetHints":{"allow":["GET"]}}],"collection":[{"href":"https:\/\/www.frank-gerber.com\/homepage\/wp-json\/wp\/v2\/pages"}],"about":[{"href":"https:\/\/www.frank-gerber.com\/homepage\/wp-json\/wp\/v2\/types\/page"}],"author":[{"embeddable":true,"href":"https:\/\/www.frank-gerber.com\/homepage\/wp-json\/wp\/v2\/users\/1"}],"replies":[{"embeddable":true,"href":"https:\/\/www.frank-gerber.com\/homepage\/wp-json\/wp\/v2\/comments?post=415"}],"version-history":[{"count":30,"href":"https:\/\/www.frank-gerber.com\/homepage\/wp-json\/wp\/v2\/pages\/415\/revisions"}],"predecessor-version":[{"id":4033,"href":"https:\/\/www.frank-gerber.com\/homepage\/wp-json\/wp\/v2\/pages\/415\/revisions\/4033"}],"up":[{"embeddable":true,"href":"https:\/\/www.frank-gerber.com\/homepage\/wp-json\/wp\/v2\/pages\/29"}],"wp:attachment":[{"href":"https:\/\/www.frank-gerber.com\/homepage\/wp-json\/wp\/v2\/media?parent=415"}],"curies":[{"name":"wp","href":"https:\/\/api.w.org\/{rel}","templated":true}]}}