{"id":3338,"date":"2020-01-05T16:49:10","date_gmt":"2020-01-05T14:49:10","guid":{"rendered":"https:\/\/www.frank-gerber.com\/homepage\/?page_id=3338"},"modified":"2026-01-15T19:24:21","modified_gmt":"2026-01-15T17:24:21","slug":"news-2020","status":"publish","type":"page","link":"https:\/\/www.frank-gerber.com\/homepage\/news\/news-2020\/","title":{"rendered":"News 2020"},"content":{"rendered":"<h3>01.08.2020: Weltstar Taylor Swift: Jetzt auf star-statement.com!<\/h3>\n<h3>Neues Video out now!<\/h3>\n<p>&#8220; Star Statement &#8211; Zieht euch warm an, es wird COOL! &#8220;<\/p>\n<p>Neulich gelesen: &#8220; Hab heute &#8217;nen Coffee to go im Sitzen getrunken. Fuck the System! &#8220; Ha, der war gut! Auf dem Weg zum Poelchaukamp nehm ich mir im ESPRESSO HOUSE am Mittelweg im P\u00f6seldorf Center &#8217;nen Coffee to go und einen superleckeren Bagel mit. Danach winke ich mir schnell ein Taxi heran. W\u00e4hrend der Fahrt smalltalke mit mit dem jungen Driver \u00fcber die aktuellen Promi-Hotspots Timmendorfer Strand, Scharbeutz, Niendorf, Travem\u00fcnde und generell \u00fcber Strand-Urlaub an der sch\u00f6nen blauen Ostsee in Schleswig Holstein. Er erz\u00e4hlt, dass er eigentlich am liebsten in Kampen auf der Insel Sylt abh\u00e4ngt, aber das er in Timmendorfer Strand in den D\u00fcnen hinter dem Maritim Seehotel mal zum Denkmal von Rockstar Udo Lindenberg losgerockt ist &#8211; und danach mit seiner Freundin in der Timmendorfer Musik-Arena das zweite Open Air Konzert von STARS AM STRAND mit der in Hagen geborenen Pops\u00e4ngerin Gabriele Susanne Kerner alias Nena gesehen hat. Getoppt h\u00e4tte das Konzert am wundersch\u00f6nen Beach wohl nur ein Gig von den Beach Boys, die in den Sixties mit GOOD VIBRATIONS einen fetten Mega-Hit landeten!<\/p>\n<p>Nach wenigen Minuten bin ich am gew\u00fcnschten Ziel. Nach Gerber-Zeit ist es jetzt 14.30 Uhr morgens. Der Mann mit der dunklen Sonnenbrille sitzt maximal gechillt mit prominenten Freunden und Jungs aus der Hood in seinem gestylten &#8220; HQ 19 &#8220; im sch\u00f6nen Hamburg Winterhude und &#8220; smartfoniert &#8220; mit London. Kein Wunder, dass Frank Gerber so \u00fcber das komplette Gesicht strahlt. L\u00e4uft bei ihm! Rennt bei ihm! Gute Geister wie die attraktive Franz\u00f6sin Chloe und die junge &#8220; Cocaine &#8220; schauen f\u00fcr den Meister gern die Post durch, weil: Der Star Statement-Boss m\u00f6chte bitte nicht gestresst werden! Alles, was mit B\u00fcrokratie zu tun hat, ist nicht sein Ding, sein Herz schl\u00e4gt eher f\u00fcr die sch\u00f6nen K\u00fcnste und alles, was mit Kreativit\u00e4t zu tun hat.<\/p>\n<p>&#8220; Zieht euch warm an, es wird COOL! &#8222;, sagte Frank Gerber l\u00e4chelnd vor rund einem Jahrzehnt &#8211; und hatte dann pl\u00f6tzlich &#8220; StarStatement.com &#8220; am Start! Und FG sollte Recht behalten: Eine coolere Online-Plattform wird man auf diesem Planeten kaum finden. Pl\u00f6tzlich tauchte dieser Typ wie aus dem Nichts mit einem Knall auf und sagte frech: &#8220; All Eyes On Me! Das ist jetzt meine Show! &#8220; Mit schwarzer Designer-Sonnenbrille und Rockstar-Attit\u00fcde und mit einer unversch\u00e4mten L\u00e4ssigkeit verk\u00f6rpert der CEO von Star Statement jenen Spirit, den die User mit der coolen Marke verbinden. Frank Gerber sagte mal: &#8220; Star Statement ist nicht als Gesch\u00e4ftsidee entstanden, sondern als Love Story. Meine Liebe zur Musik hat die Online-Plattform entstehen lassen. Ich hatte immer verdammt viel mit Musik zu tun. Hey, f\u00fcr viele bin ich ja auch der f\u00fcnfte Stone: Bin ja schon ewig Bandmitglied bei den Rolling Stones und spiel da die Luftgitarre! &#8220;<\/p>\n<p>Mr. StarStatement beendet das Telefonat, h\u00e4ngt chilli milli vor dem spacegrauen Apple-Computer &#8211; und auf einmal quatschen wir \u00fcber Taylor Alison Swift alias Taylor Swift, deren brandneues Album FOLKLORE komplett w\u00e4hrend des Lockdowns entstand und die laut Wikipedia zu den erfolgreichsten K\u00fcnstlern der Geschichte geh\u00f6rt und aktuell 137 (!!!) Millionen Follower auf Instagram hat. Frankie: &#8220; Dass Taylor Millionen Follower auf Insta hat, kann ich durchaus nachvollziehen! Sie ist der Wahnsinn, krasse Klasse! Bin ja ein bekennender Swiftologe und ein Total-Fan von ihr. Auch deswegen, weil die beliebte S\u00e4ngerin ihre Sympathien f\u00fcr die US-B\u00fcrgerrechtsbewegung &#8220; Black Lives Matter &#8220; klar formulierte und &#8217;n starkes Statement gegen Rassismus abgelassen hat: Geile Aktion! Tay Tay hat ja grad ihr veritables Meisterwerk FOLKLORE am Start: Das achte Studio-Album, 16 neue Super-Songs &#8211; und die exzellente Song-Schreiberin macht gemeinsame Sache mit Aaron Dessner von der New Yorker Indie-Rock-Band The National und Duettpartner Justin Vernon, bekannt unter dem Namen Bon Iver. Giga-grandioses Abgeh-Album, ich feier&#8217;s! Echt &#8217;n weiterer Meilenstein in der Diskografie der g\u00f6ttlichen K\u00fcnstlerin! Beim Streaming-Dienst Spotify wurde das Album in 24 Stunden \u00fcber 80 Mio. Mal runtergeladen! Bitte mal reinziehn! &#8220;<\/p>\n<p>Alle Swifties und Informationsjunkies, die mehr \u00fcber die in Pennsylvania geborene Musikern wissen m\u00f6chten, d\u00fcrfen gerne Diskografie, Filmografie, Biografie, Songtexte, Wiki oder Wikipedia checken &#8230;<\/p>\n<p>Jetzt ist Taylor Swift mit dem offiziellen Musikvideo zum neuen Track CARDIGAN neu auf www.star-statement.com! Me likey! Check it out!<\/p>\n<p>Weitere Highlights auf der coolsten Online-Plattform der Welt:<\/p>\n<p>Der US-amerikanische Rapper Machine Gun Kelly mit dem aktuellen Video KILLING IN THE NAME, John Michael Osbourne alias Ozzy Osbourne, The Rolling Stones, Kanye Omari West alias Kanye West, Troye Sivan, Bow Anderson, Gentleman, Deap Vally, Jamie Cullum, Stephanie Neigel, Johannes Strate, Paul Hartmut W\u00fcrdig alias Sido, Sir Robert Bryson Hall II. alias Logic, Maria Viktoria Mena alias Maria Mena, Metallica, Frida Gold, Dominic Richard Harrison alias Yungblud, Johnny Orlando, Badmomzjay, Volkan Yaman alias Apache 207, Lil Baby, Danna Paola Rivera Mungu\u00eda alias Danna Paola, Doja Cat, Amy Shark, LaBrassBanda, Johannes Oerding, J Balvin, Mark Cwiertnia alias Mark Forster, Alma-Sofia Miettinen alias Alma, Eisbrecher, Elif Demirezer alias Elif, Felix Jaehn, Shirin David, The 1975, Thomas H\u00fc\u00fcbner alias Clueso, Claire Elose Boucher alias Grimes, Alexa Feser, Too Tangled, ZAZ, Uchenna van Capelleveen alias Megaloh, Aneta Sablik, Joe Bonamassa, ZHU, Lindsey Stirling, Gin Wigmore, Mylene Farmer, Fergie, Ricky Martin, Fifth Harmony, User, Culcha Candela, Pete Wolf Band, Mark Ronson, Juan Luis Londono Arias alias Maluma, Steve Aoki, Patti Smith, Thomas Wesley Pentz alias Diplo, Shindy, Benjamin Richter, Superfruit, Bon Jovi, Justin Timberlake Rick Ross, Craig David, Faber, Nick Rivera Caminero alias Nicky Jam, Louis Berry, James Arthur, DaBaby, DJ Khaled, Lea-Marie Becker alias Lea, Swiss &amp; Die Andern, Major Lazer, Mike Levy aliasGesaffelstein, Benjamin Griffey alias Casper, Rihanna, The Livertines, Bob Dylan, Joel Brandenstein, The Chicks, Nico Santos, Pietro Lombardi, Wincent Weiss, Revolverheld, Maria Patricia Kelly, Childish Gambino, Kygo &amp; Tina Turner, James Bay, Aubrey Drake Graham alias Drake, Iggy Pop, Ellie Goulding, Vladyslav Balovatsky alias SCapital Bra, Clueso, Juice WRLD &#8211; und der Rapper Lil Baby mit dem brandneuen Video THE BIGGER PICTURE &#8230;<\/p>\n<p>Viele, viele weitere gro\u00dfartige Stars &amp; Bands folgen &#8230; Freut euch drauf! Die Action geht weiter!<\/p>\n<p>Star Statement &#8211; So geht cool!<\/p>\n<p>B4N, Eure S.K. &amp; das Vipywood-Team!<\/p>\n<h3>10.04.2020: Weltstar Lady Gaga<br \/>\nverschiebt Release-Date von CHROMATICA!<\/h3>\n<h3>Brandneues Video auf star-statement.com!<\/h3>\n<p>&nbsp;<\/p>\n<p>Okay, guys, here&#8217;s the hot news: Megastar Stefani Joanne Angelina Germanotta alias Lady Gaga hat zwar das geplante Release-Date am 10. April f\u00fcr ihr galaktisch-geiles Super-Album CHROMATICA wegen der aktuellen Corona-Krise verschoben, auf das die Fans rund um den Globus sehns\u00fcchtig gewartet haben, aber sie droppt das neue Album wahrscheinlich in den n\u00e4chsten Monaten! CHROMATICA ist das sechste Studioalbum der oscarpr\u00e4mierten Pops\u00e4ngerin, die k\u00fcrzlich am 28. M\u00e4rz in ihren Geburtstag reinfeierte und laut Wikipedia mit \u00fcber 150 Millionen vertickten Tontr\u00e4gern zu den popul\u00e4rsten und erfolgreichsten S\u00e4ngerinnen weltweit z\u00e4hlt. Mit dem Deb\u00fctalbum The Fame startete sie 2008 international voll durch &#8211; etwas sp\u00e4ter stand sie sogar in den Regalen fast jeder Parfumerie, denn die Pop-Diva kreierte ihren eigenen Duft mit dem Namen FAME: Der Flakon f\u00fcr das Parfum wurde in Zusammenarbeit mit dem britischen Starfotografen Nick Knight designed, der schon Promis wie Linda Evangelista f\u00fcr die VOGUE fotografierte.<\/p>\n<p>Der Typ mit Sonnenbrille, genannt &#8220; President of the United Stars&#8220;, hat unseren Termin um 12 Uhr verpennt, classic! Angedacht war: S.K. meets Mr. StarStatement! Denn eigentlich wollte ich mich heute Mittag mit Frank Gerber zum Brunch in P\u00f6seldorf treffen. Jetzt macht er &#8220; einen auf Eddy Easy&#8220;, h\u00e4ngt smartfonierend an seinem Designer-Schreibtisch im Star Statement-Headquarter in der N\u00e4he der Hamburger Alster ab und haut einen Spruch nach dem anderen raus. Auf seinem Schreibtisch stapeln sich u.a. neue B\u00fccher von Alica Keys, Elton John, Otto Waalkes und der Autorin Maria Bachmann, die eigentlich auch zur Panikfamilie geh\u00f6rt und ein sehr interessantes Buch schrieb mit dem Titel PANIKROCKER K\u00fcSST MAN NICHT &#8211; WIE MICH DIE WILDE LIEBE ZU UDO LINDENBERG INS LEBEN KATAPULTIERTE. Neben dem Stapel liegt au\u00dferdem aufgeschlagen ein fantastisches Buch von Peter Hundert mit dem Titel BACKSTAGE ELBPHILHARMONIE. Nach ein paar Minuten beendet Frank Gerber das &#8220; Quatschofonat &#8220; mit seinem Buddy Pascal von der Reeperbahn, der sich gerne mal die Kante gibt und ein erfolgreicher Social Media Manager ist und ein wenig so aussieht wie der grandiose Jan Fedder in der erfolgreichen Serie &#8220; Gro\u00dfstadtrevier&#8220;. Der &#8220; Aquaholiker &#8220; Frankie nippt an seinem Eskimo-Flip, w\u00e4hrend nebenbei die Musikvideos BLACK OR WHITE von Michael Jackson und KEIN PROBLEM von Apache 207 laufen. Der Meister bl\u00e4ttert interessiert in der MOPO rum, klappt danach superl\u00e4ssig seinen Apple-Laptop auf und sagt: &#8220; Newsflash for free: Neulich sa\u00df ich im Auto und drehte easy noch &#8217;ne Extra-Runde. Wies\u00f6chen? Weil der neue Song STUPID LOVE von Lady Gaga, der in dem Moment auf Radio Hamburg lief, einfach sowas von fun-fucking-tastic ist! Ultimativst \u00fcberirdisch! 2012 hatte ich Tickets f\u00fcr ein Konzi in der TUI Arena in Hannover und war dann mit der kompletten Star Statement Squad live dabei &#8211; Premium! Bin seit dieser Super-Show &#8217;n gro\u00dfer Fan der Performance-K\u00fcnstlerin, die alle ihre Texte selbst schreibt und als Fashion-Ikone auch f\u00fcr ihre extravaganten Outfits bekannt ist und aktuell fast 40 Millionen Follower auf Instagram hat! By the way: F\u00fcr die Hauptrolle in dem Film A STAR IS BORN wurde sie 2019 f\u00fcr &#8217;nen Oscar als Beste Hauptdarstellerin nominiert und krallte sich die Auszeichnung f\u00fcr den Filmsong. Irgendwo stand einmal geschrieben: &#8220; Barbra Streisand Gives Lady Gaga&#8217;s A STAR IS BORN Performance Her Blessing! &#8220; Das Movie mit Lady Gaga is&#8216; auch wirklich hamma! Gib dir! &#8220;<\/p>\n<p>Gagaholics, die mehr \u00fcber die in New York City geborene Pop-Diva wissen m\u00f6chten, d\u00fcrfen gerne Diskografie, Filmografie, Biografie, Songtexte, Wiki oder Wikipedia checken &#8230;<\/p>\n<p>Jetzt ist die US-amerikanische S\u00e4ngerin und Songwriterin Stefani Joanne Angelina Germanotta alias Lady Gaga mit dem offiziellen Musikvideo zum Einstiegstrack STUPID LOVE neu auf www.star-statement.com! Check it out! Ich jedenfalls bin Fan ab 2day und 4ever &#8230;.<\/p>\n<p>Weitere Highlights auf der coolsten Online-Plattform der Welt:<\/p>\n<p>Die junge Rapperin Badm\u00f3mzjay mit dem aktuellen Video ZIRKUS, Dagny Norvoll Sandvik alias Dagny, DaBaby, Hailee Steinfeld, Pearl Jam, Easy Life, Robert Nesta Marley alias Bob Marley, Holly Mae Muller alias Mae Muller, Elias, Chelsea Cutler, DeathByRomy, Patricia Kelly, JP Cooper, Pietro Lombardi, Jessie Reyez, Mabel, Arizona Zervas, Anica Russo, Bodyformus alias Barry Hammerschmidt, Dua Lipa, Gregory Porter, Willie Nelson, Bon Jovi, Jessie Ware, Gesaffelstein, Casper, Robyn Rihanna Fenty alias Rihanna, Carly Rae Jepsen, Joel Brandenstein, Revolverheld, Die Fantastischen Vier, Herbert Gr\u00f6nemeyer, Pohlmann, Sophie Hunger, Daniel Schumacher, Till Lindemann alias Lindemann, Gordon Matthew Thomas Sumner alias Sting, Paul Hartmut W\u00fcrdig alias Sido, Shirin David, Tarin Wilda alias Ace Tee, Lena Meyer-Landrut, Louis Held, Capital Bra, Barbara Sch\u00f6neberger, Gabriele Susanne Kerner alias Nena, Yvonne Catterfeld, Alice Florence Clarissa Merton alias Alice Merton, Billie Eilish Pirate Baird O&#8217;Connell alias J.R. Billie Eilish, J. R. Cash alias Johnny Cash, Max Giesinger, Johannes Oerding, Lukas Rieger, Parov Stelar, Johann H\u00f6lzel alias Falco, The BossHoss, Marius M\u00fcller Westernhagen, Rammstein, Ozzy Osbourne, Johnny Orlando, Lennon Stella, Elif Demirezer alias Elif, Kiara Nelson, The Killers, Abderaouf Derradji alias Soolking &#8211; und die US-amerikanische Soul- und R&amp;B-S\u00e4ngerin Alica Keys mit dem brandneuen Clip UNDERDOG, die \u00fcbrigens ihren Ehemann Swizz Beatz auf einer Yacht vor der K\u00fcste Korsikas geheiratet hat und aktuell auch grad mit ihrer Autobiografie MORE MYSELF durchstartet!<\/p>\n<p>Viele, viele weitere gro\u00dfartige Stars &amp; Bands folgen &#8230; Freut euch drauf! Wie sagt Mr. StarStatement immer so sch\u00f6n: &#8220; Immer cool und heiter &#8211; die Action geht weiter! &#8220;<\/p>\n<p>Star Statement &#8211; So geht cool!<\/p>\n<p>B4N, Eure S.K. &amp; das Vipywood-Team!<\/p>\n<h3>05.01.2020: Millionen User auf der ganzen Welt:<\/h3>\n<h3>Die coole Online-Plattform StarStatement.com von Frank Gerber rockt das Netz!<\/h3>\n<p>&nbsp;<\/p>\n<p>Vor dem eleganten Park Hyatt Hotel Hamburg steht Internet-Schwergewicht Frank Gerber. Im todschicken Anzug, italienische Krawatte. Am Revers tr\u00e4gt er einen stylishen Eye-Catcher aus Edelstahl, sehr klein, aber erkennbar: das futuristische Star Statement-Logo, das man nicht nur in ganz Deutschland kennt. Nat\u00fcrlich tr\u00e4gt er zudem seine Designer-Sonnenbrille, und seinen edlen Mantel von Armani hat er endl\u00e4ssig \u00fcber den Arm gelegt. \u201e Everything cool? \u201c, fragt er freundlich l\u00e4chelnd.<\/p>\n<p>Mit einer schwarzen Mercedes-Limousine l\u00e4sst sich Frank Gerber zur HafenCity in ein angesagtes Cafe am Kaiserkai chauffieren \u2013 und freut sich etwas sp\u00e4ter sichtlich \u00fcber die wichtigen Leute, die extra zum Business-Meeting angereist sind. Gibt auch was zu feiern: Millionen User weltweit nutzen die m\u00e4chtige Online-Plattform \u201e StarStatement.com \u201c -und 2019 wurden es wieder einmal mehr! Frank Gerber: \u201e Wow, das ist der Wahnsinn! Ultimativst \u00fcberirdisch! Bedanken m\u00f6chte ich mich vor allem bei den vielen Millionen Usern auf der Welt, die den Star Statement-Spirit sp\u00fcren und immer total zu uns halten und die mit ihren Clicks die Seite powerful pushen! \u201c<\/p>\n<p>Wenn Frank Gerber mal einen dieser seltenen Dinosaurier trifft, der noch nie von seiner grandiosen Website geh\u00f6rt hat und ihn dann \u00fcbelst vollquatscht, l\u00e4sst er meistens so einen Spruch ab wie: \u201e Whoa, whoa, whoa! Halt! Stopp! Du kennst Star Statement nicht? Seriously?! Echt jetzt?! Bist du \u2018n Offliner oder was? JEDER kennt Star Statement! Isso! \u201c<\/p>\n<p>Um Frank Gerber und seine revolution\u00e4re Online-Plattform wird auch in 2020 niemand herum kommen: Im neuen Jahr ersetzt StarStatement.com f\u00fcr eine knallige Kampagne den Stern auf Che Guevaras Barett durch das Star Statement-Logo mit den f\u00fcnf Sternen! Nice Pic! Das Bild f\u00fcr die neue Kampagne ist einfach genial und wirklich der Ultra-Hammer!<\/p>\n<p>Nach dem Business-Meeting flaniere ich mit Frank und zwei befreundeten Rechtsanw\u00e4lten noch etwas durch den international bekannten Stadtteil HafenCity und Frank schw\u00e4rmt: \u201e Vielleicht kommt es ja doch auf die Gr\u00f6\u00dfe an: Der Wolkenkratzer Elbtower von David Chipperfield Architects in der HafenCity soll mit einer geplanten H\u00f6he von 244 Metern das gr\u00f6\u00dfte Geb\u00e4ude in dieser Stadt werden. Wenn das neue Wahrzeichen von Hamburg vollendet ist, kann ich sagen: Mein Zuhause ist da, wo ich den Elbtower sehe! \u201c<\/p>\n<p>Frank lacht, nimmt mit einer l\u00e4ssigen Handbewegung kurz seine schwarze Sonnenbrille ab und sagt dann: \u201e Das HQ 19 im Poelchaukamp in Winterhude zu verlassen steht nicht auf meiner Agenda. Aber vielleicht sollte ich zus\u00e4tzlich neue B\u00fcror\u00e4ume im Elbtower beziehen? 2025 soll der Turm ja stehen: Der \u00f6sterreichische Immobilien Milliard\u00e4r Ren\u00e9 Benko erhielt ja den Zuschlag f\u00fcr das Prestige-Projekt, das zwischen den Elbbr\u00fccken entstehen und st\u00e4dtebauliches Pendant zur Elbphilharmonie werden soll. Wenn\u2018s de facto neben dem Boarding House und den vielen B\u00fcros auch ein Hotel im Elbtower geben wird, werd ich da mal \u2018ne Suite buchen oder nachts mit meinen Buddies an der Bar rumh\u00e4ngen, denn ich liebe supergeile Hotelbars wie zum Beispiel die im Hotel Atlantic oder im Grand Elys\u00e9e Hamburg Hotel. Find das megacool, was im Moment in der Elbmetropole passiert, gibt so viele neue Pl\u00e4ne: Der Elbdome in der HafenCity oder das gigantische \u00dcberseequartier S\u00fcd oder das neue Paloma-Viertel am Spielbudenplatz an der Reeperbahn &#8211; Hamburg flasht mich echt total. Das hammergeile Hamburg ist f\u00fcr mich einfach die Happinesshauptstadt und der Place to be. \u201c<\/p>\n<p>2020 gibt es die Fu\u00dfball-EM und die Olympischen Spiele in Tokio. 2020 gibt es erneut das Coachella Festival. 2020 gibt\u2019s auch die Hermann Hesse Verfilmung NARZISS UND GOLDMUND und den neuen Bond-Streifen KEINE ZEIT ZU STERBEN im Kino. 2020 hat auch der mega-erfolgreiche Star Statement-Boss Frank Gerber wieder viele neue Musiker und Bands am Start: Zum Beispiel Justin Bieber. Der Megastar hat aktuell \u00fcber 120 (!!!) Millionen Follower auf Instagram und \u00fcber 108 Millionen Follower auf Twitter und hat laut Wikipedia weltweit mehr als 150 Millionen Tontr\u00e4ger vertickt! Jetzt hat der kanadische Pop- und R&amp;B-S\u00e4nger, der die TRIBUTE TO BAMBI Stiftung unterst\u00fctzt und der zuletzt mit exzellenten K\u00fcnstlern wie Ed Sheeran und Billie Eilish gemeinsame Sache machte, sein brandneues Video zum Super-Song YUMMY am Start! YUMMY ist der erste Song seines f\u00fcr 2020 angek\u00fcndigten f\u00fcnften Studio-Albums, das eventuell den Titel FOREVER tragen wird! Yeah, die Depri-Tage f\u00fcr seine Fans sind vorbei: Neues Album, neue Tour, neue Doku und eventuell ein neues Buch \u2013 Biebs is back und startet 2020 wieder voll durch! Bisher gab\u2019s in keinem Promi Magazin ein Interview von Justin, ob es auch auf Deutschland-Tour geht. Wir updaten euch aber, sobald es News in dieser Sache gibt.<\/p>\n<p>Bieberholics, die mehr \u00fcber den erfolgreichen Grammy-Preistr\u00e4ger wissen m\u00f6chten, d\u00fcrfen gerne Diskografie, Filmografie, Biografie oder Wikipedia checken \u2026<\/p>\n<p>Jetzt ist Justin Bieber mit dem offiziellen Musikvideo YUMMY neu auf <a href=\"http:\/\/www.star-statement.com\">www.star-statement.com<\/a>! Ich feier\u2019s! Check it out!<\/p>\n<p>Weitere Highlights auf der coolsten Online-Plattform der Welt:<\/p>\n<p>Der junge schottische S\u00e4nger und Songtexter Lewis Capaldi mit dem aktuellen Clip SOMEONE YOU LOVED, Liam James Payne aliasLiam Payne, Tilmann Otto alias Gentleman, The Who, oh Wonder, Jos\u00e9 Alvaro Osorio Balvin alias J. Balvin, Celeste Epiphany Waite alias Celeste, Luke Albert Combs alias Luke Combs, Tiziano Ferro, George Michael, Adam Cohen, Morgan James, Robert Zemichiel alias Afrob, Little Mix, Stefanie Fabienne Heinzmann alias Stefanie Heinzmann, Delta Rae, Nisse, Sido, Capital Bra, Killerpilze, Barbara Schirin Davidavicius alias Shirin David, Philipp Poisel, Natalie Conway alias Nat Conway, Greg Holden, Ace Tee, B\u00e9atrice Mireille Martin alias Coeur de Pirate, Kafka Tamura, Shana Pearson, Herbert Gr\u00f6nemeyer, Tune Circus, Andreas Bourani, Poets of the Fall, Sarah Connor, Yannick Dekeyser alias Estikay, Ashley Nicolette Frangipane alias Halsey, Kesha Rose Sebert alias Kesha, Lana Del Rey, Peter Alexander Makkay alias Peter Maffay, Selena Gomez, Hanan Hamdi alias Namika, Rammstein, Scorpions, Bryan Ferry, Grimes, Bon Jovi, Dixie Chicks, Linda Hesse, Mark Forster, Marius Hubertus Hans M\u00fcller-Westernhagen alias Marius M\u00fcller Westernhagen, Matthias Otto alias Max Raabe, Dua Lipa, Mary J. Blige, Alice Florence Clarissa Merton alias Alice Merton, Robbie Williams &amp; Helene Fischer im Duett mit dem Clip SANTA BABY \u2013 und der US-amerikanische Rapper Nayvadius DeMun Wilburn alias Future mit dem neuen Video zu seinem aktuellen Album und und und \u2026.<\/p>\n<p>Viele, viele weitere gro\u00dfartige Stars &amp; Bands folgen \u2026 Freut euch drauf! Wie sagt Mr. StarStatement immer so sch\u00f6n: \u201e Immer cool und heiter &#8211; die Action geht weiter! \u201c<\/p>\n<p>Star Statement \u2013 So geht cool!<\/p>\n<p>B4N, Eure Silvia Kainka &amp; das Vipywood-Team!<\/p>\n","protected":false},"excerpt":{"rendered":"<p>01.08.2020: Weltstar Taylor Swift: Jetzt auf star-statement.com! Neues Video out now! &#8220; Star Statement &#8211; Zieht euch warm an, es wird COOL! &#8220; Neulich gelesen: &#8220; Hab heute &#8217;nen Coffee to go im Sitzen getrunken. Fuck the System! &#8220; Ha, der war gut! Auf dem Weg zum Poelchaukamp nehm ich mir im ESPRESSO HOUSE am [&hellip;]<\/p>\n","protected":false},"author":2,"featured_media":0,"parent":4288,"menu_order":5,"comment_status":"open","ping_status":"closed","template":"tmpl_news.php","meta":{"footnotes":""},"class_list":["post-3338","page","type-page","status-publish","hentry"],"_links":{"self":[{"href":"https:\/\/www.frank-gerber.com\/homepage\/wp-json\/wp\/v2\/pages\/3338","targetHints":{"allow":["GET"]}}],"collection":[{"href":"https:\/\/www.frank-gerber.com\/homepage\/wp-json\/wp\/v2\/pages"}],"about":[{"href":"https:\/\/www.frank-gerber.com\/homepage\/wp-json\/wp\/v2\/types\/page"}],"author":[{"embeddable":true,"href":"https:\/\/www.frank-gerber.com\/homepage\/wp-json\/wp\/v2\/users\/2"}],"replies":[{"embeddable":true,"href":"https:\/\/www.frank-gerber.com\/homepage\/wp-json\/wp\/v2\/comments?post=3338"}],"version-history":[{"count":19,"href":"https:\/\/www.frank-gerber.com\/homepage\/wp-json\/wp\/v2\/pages\/3338\/revisions"}],"predecessor-version":[{"id":4490,"href":"https:\/\/www.frank-gerber.com\/homepage\/wp-json\/wp\/v2\/pages\/3338\/revisions\/4490"}],"up":[{"embeddable":true,"href":"https:\/\/www.frank-gerber.com\/homepage\/wp-json\/wp\/v2\/pages\/4288"}],"wp:attachment":[{"href":"https:\/\/www.frank-gerber.com\/homepage\/wp-json\/wp\/v2\/media?parent=3338"}],"curies":[{"name":"wp","href":"https:\/\/api.w.org\/{rel}","templated":true}]}}