{"id":26,"date":"2009-05-31T17:20:24","date_gmt":"2009-05-31T15:20:24","guid":{"rendered":"http:\/\/www.frank-gerber.com\/homepage\/?page_id=26"},"modified":"2026-04-01T06:45:40","modified_gmt":"2026-04-01T04:45:40","slug":"vip","status":"publish","type":"page","link":"https:\/\/www.frank-gerber.com\/homepage\/vip\/","title":{"rendered":"V.I.P."},"content":{"rendered":"<p>V.I.P. &#8211; Very Important Photographer<\/p>\n<p>Happenings zwischen Blitzlicht und Rotlicht. &#8222;Ausgeknipst &#8220; &#8211; die neue Fotoserie \u00fcber die italienische Mafia, und wer hat sie am Start? Frank Gerber, der Boss hinter der Linse! Der Typ mit der Sonnenbrille hat nicht nur die gro\u00dfe Online-Plattform Star Statement \/ Celebrity Statements, sondern auch ein Auge f\u00fcr das Besondere. Genug von der austauschbaren und ideenlosen Fotografie! Frank will den Kick, den Kick beim Klick. Gerber haut raus: &#8220; Ein Pic von Jesus und seinen J\u00fcngern? Ha, das w\u00e4r &#8217;ne Ansage, aber ist nix gegen die sensationellen Foto-Ideen, die in meinem Denkapparat rumspuken. Nur ein echtes Foto von J.C. and the Gang kann das toppen! Ich bin nich&#8216; wie andere Fotografen, eher wie ein Amokl\u00e4ufer mit der Kamera &#8211; die Knipskiste ist meine Waffe und es gibt scharfe Sch\u00fcsse! &#8220;<\/p>\n<p>Der Typ will nicht nur knipsen, der will Kunst schaffen, die knallt! Seine Fotos sollen Kunstwerke sein, echte Meisterwerke, kein Zeugs zum Wegscrollen. Der ambitionierte Fotograf sucht eine Kreativ-Komplizin, bei der es &#8220; klick &#8220; macht. Gerber: &#8220; Der Paparazzi war scharf auf \u00b4ne Mamarazzi &#8211; und fand sie in unserer Hauptstadt. In der pulsierenden Nacht von Berlin, wo die Lichter der Gro\u00dfstadt blitzen und wilde Stories in der Luft h\u00e4ngen, traf der Fotograf seine Muse. Die Hotelbar war der perfekte Spot, um kreative Funken spr\u00fchen zu lassen. Ich mach gern mal einen Joke und meinte etwas sp\u00e4ter bei einem Drink mit einem Augenzwinkern zu ihr: &#8220; <em>Objektiv<\/em> betrachtet checke ich: Da k\u00f6nnte sich echt was <em>entwickeln<\/em>! &#8220; Not so very long ago, da machte die junge Dame mehr so Glamourfotos. Genau wie ich ist sie ein gro\u00dfer Fan von Jim Rakete, Peter Lindbergh, Michel Comte, Norman Jean Roy, Bruce Weber, Helmut Newton, Gabo, Mario Testino, David LaChapelle, Gunter Sachs und der amerikanischen Starfotografin Annie Leibovitz aus Waterbury, Connecticut.\u00a0 Das Portfolio der bekannten Fotografin Annie Leibovitz kann sich \u00fcbrigens sehen lassen. Sie hatte schon weltber\u00fchmte Promis wie Ex-Soccer Star David Beckham, Scarlett Johansson, Nicole Kidman, Bill Clinton, Brad Pitt, Johnny Depp, The Rolling Stones, Michelle Obama, Leonardo DiCaprio oder die wundersch\u00f6ne Oscar-Preistr\u00e4gerin Angelina Jolie f\u00fcr die &#8220; Vogue &#8220; vor der Kamera. &#8220;<br \/>\nUnd der Fotogott sprach: &#8220; Es werde Blitzlicht! &#8220; Kunst braucht Leidenschaft und aktuell dichten Frank und seine Muse im Moment die Wahrheit um und schaffen eine neue, nicht selten irritierende Welt. Dabei heraus kommen Motive von gro\u00dfer Leuchtkraft und mythischer Sch\u00f6nheit: Ein Boxenstopp bei der Formel 1 wird \u00fcberh\u00f6ht inszeniert wie eine christliche Beweinung &#8211; der Rennsport als Religionsersatz. Weil er &#8211; laut eigener Einsch\u00e4tzung &#8211; nicht zeichnen kann, fing Frank Gerber an zu fotografieren. Geniale Bilder hatte er im Kopf, z.B. von einem Atompilz, dass er &#8220; Die Menschheit hat \u00b4nen gro\u00dfen Knall &#8220; titulieren wollte. Seine Ideen f\u00fcr diese <em>knalligen <\/em>Bilder sollen in Zukunft von anderen K\u00fcnstlern umgesetzt werden. Gerber: &#8220; Mit der Malerei hab&#8216; ich&#8217;s ja nicht so. Gibt viele Leute, die das besser k\u00f6nnen als ich. &#8220; Der coole Knipser schie\u00dft jetzt lieber scharf &#8230;<\/p>\n","protected":false},"excerpt":{"rendered":"<p>V.I.P. &#8211; Very Important Photographer Happenings zwischen Blitzlicht und Rotlicht. &#8222;Ausgeknipst &#8220; &#8211; die neue Fotoserie \u00fcber die italienische Mafia, und wer hat sie am Start? Frank Gerber, der Boss hinter der Linse! Der Typ mit der Sonnenbrille hat nicht nur die gro\u00dfe Online-Plattform Star Statement \/ Celebrity Statements, sondern auch ein Auge f\u00fcr das [&hellip;]<\/p>\n","protected":false},"author":1,"featured_media":0,"parent":0,"menu_order":7,"comment_status":"open","ping_status":"open","template":"tmpl_vip.php","meta":{"footnotes":""},"class_list":["post-26","page","type-page","status-publish","hentry"],"_links":{"self":[{"href":"https:\/\/www.frank-gerber.com\/homepage\/wp-json\/wp\/v2\/pages\/26","targetHints":{"allow":["GET"]}}],"collection":[{"href":"https:\/\/www.frank-gerber.com\/homepage\/wp-json\/wp\/v2\/pages"}],"about":[{"href":"https:\/\/www.frank-gerber.com\/homepage\/wp-json\/wp\/v2\/types\/page"}],"author":[{"embeddable":true,"href":"https:\/\/www.frank-gerber.com\/homepage\/wp-json\/wp\/v2\/users\/1"}],"replies":[{"embeddable":true,"href":"https:\/\/www.frank-gerber.com\/homepage\/wp-json\/wp\/v2\/comments?post=26"}],"version-history":[{"count":34,"href":"https:\/\/www.frank-gerber.com\/homepage\/wp-json\/wp\/v2\/pages\/26\/revisions"}],"predecessor-version":[{"id":4718,"href":"https:\/\/www.frank-gerber.com\/homepage\/wp-json\/wp\/v2\/pages\/26\/revisions\/4718"}],"wp:attachment":[{"href":"https:\/\/www.frank-gerber.com\/homepage\/wp-json\/wp\/v2\/media?parent=26"}],"curies":[{"name":"wp","href":"https:\/\/api.w.org\/{rel}","templated":true}]}}